 divided by 23.
21
Let q = 46 - -44. What is the remainder when q is divided by 14?
6
Let i be 1 + (1 + 3 - 33). What is the remainder when 17 is divided by (21/i)/(6/(-40))?
2
Let z(m) = -23*m + 3. Let v be z(3). Let u be v/(-14) + 16/56. Suppose u*o = 256 + 129. What is the remainder when o is divided by 20?
17
Let i(d) = 81*d**2 + d + 8. Calculate the remainder when i(4) is divided by 77.
76
Suppose 22*u + y + 106 = 27*u, u - 20 = -y. Calculate the remainder when 608 is divided by u.
20
What is the remainder when 34 is divided by (-134)/(-8) + 3 - 9/(-36)?
14
Suppose w = -f - 18, -2*f + 6*w - w = 15. What is the remainder when 6/(1*f/(-80)) is divided by 5?
2
Suppose 11*t - 8*t = 162. What is the remainder when t is divided by 20?
14
Let t(k) = 3*k + 57. Calculate the remainder when t(17) is divided by (-3)/((-3)/2) + 35.
34
Let n = -132 - -155. Suppose 0 = -2*f + p + 5, 5*f = -p + 2 + 14. Suppose n = y - f*h, y + 7*h - 5 = 4*h. Calculate the remainder when 25 is divided by y.
11
Let o(g) = -g**3 + 3*g**2 - 2. Let f be o(2). Suppose 39 = f*q + q. Suppose 0 = -0*p + p - 36. Calculate the remainder when p is divided by q.
10
Suppose 5 + 11 = v. Let h = -1003 + 1047. Calculate the remainder when h is divided by v.
12
Let s = -482 - -499. Calculate the remainder when 371 is divided by s.
14
Let b = 309 + -150. What is the remainder when b is divided by 18?
15
Suppose -2*w - 12 = w. Let l(p) = -3*p - 8. Let x be l(w). What is the remainder when 23 is divided by -1*x*(-1 + 0)?
3
Suppose 3*i - 21 = 3*p - 411, -2*p - 5*i = -288. What is the remainder when p is divided by 82?
52
Let s(w) = 20*w**2 + 1. Calculate the remainder when s(1) is divided by 5.
1
Calculate the remainder when 295 is divided by 2 + -2 + -6 + 18 + 0.
7
Let n(b) = -b**3 + 2*b**2 - b. Let z be n(1). Let c(s) = s**3 + s**2 - 2*s + 37. Let p be c(z). Let k = -20 + p. What is the remainder when 50 is divided by k?
16
Suppose 3*v = 6*v - 27. Let k = 7 + v. What is the remainder when ((-2)/(-4))/((-8)/(-976)) is divided by k?
13
Suppose 9*p = 8*p + 2. Let s be (14/(-4))/((-3)/(-12)). What is the remainder when 21 is divided by (p - s)/(14/7)?
5
Let q = 1986 + -1901. What is the remainder when q is divided by 28?
1
Let t(i) = 3*i - 33*i**2 - 3*i + 1 + 87*i**2. Let x be t(2). Suppose -5*o - 5*c + 181 = -84, 4*o - c = x. Calculate the remainder when o is divided by 14.
12
Let x = -10 - 12. What is the remainder when (-302)/(-15) - x/(-165) is divided by (7/3)/(6/18)?
6
Suppose 2*f + 28 = -2*s + 90, -5*f + 101 = 3*s. Let p(l) = -l - 3. Let c be p(-6). Calculate the remainder when (-472)/(-36) - c/s is divided by 4.
1
Let h = 72 - 2. Calculate the remainder when h is divided by 175/(-70)*((-144)/10 + 0).
34
Suppose -5*f + 13*f - 144 = 0. What is the remainder when f is divided by (4/(-6) + 0)*(-105)/14?
3
Let j be 121 - (-1 - (1 - 1)). What is the remainder when 79 is divided by (-9)/(-12) - j/(-8)?
15
Let j = 104 + -74. What is the remainder when 87 is divided by j?
27
Let c be (((-1647)/6)/(-9))/((-3)/(-6)). Let f = -1 + c. Calculate the remainder when f is divided by 21.
18
Suppose 0 = -43*z + 32*z + 14124. What is the remainder when z is divided by 19?
11
Let s = 12 + 47. Suppose -3*j - 8 = 3*v - s, 5*j = 3*v + 101. What is the remainder when 113 is divided by j?
18
Let v = 1377 + -981. Calculate the remainder when v is divided by 40.
36
Let f = 239 + -228. Calculate the remainder when 48 is divided by f.
4
Suppose 0 = -2*x + 5*d - 2*d + 3, 5*x = d + 14. Suppose -f = 2*q - 24, 3*f - 52 = q + x*q. Let h = 3 - -36. What is the remainder when h is divided by f?
19
Suppose i = -5*i + 30. Calculate the remainder when 383/7 + 4/14 is divided by 96/i - 2/10.
17
Let m = 53 - 33. What is the remainder when 478/8 + 1/4 + -2 is divided by m?
18
Suppose 4*p = 12, 4*n = n + 2*p + 141. What is the remainder when 2/(-6)*(-3 - (6 + 570)) is divided by n?
46
Let x be 1 - ((2 - 6) + -11). Suppose -2*h + x = 2*c, 10 = 2*c + h - 5*h. Calculate the remainder when 20 is divided by c.
6
Calculate the remainder when 138 is divided by -31*(16/(-4))/4.
14
Let s(k) = 6*k + 1. Let f be (-20)/(-6)*42/35. What is the remainder when s(2) is divided by -1 - (-5)/(f + -3)?
1
Let w(z) = -z**3 - 10*z**2 - 17*z + 22. What is the remainder when 117 is divided by w(-8)?
27
Let w = 33 - 1. Let r = -409 - -426. Calculate the remainder when w is divided by r.
15
Suppose -133 - 42 = -25*g. Calculate the remainder when 13 is divided by g.
6
Let l(o) = o**2 + 4*o - 112. What is the remainder when 43 is divided by l(9)?
3
Suppose -3*u - 2*c + 245 - 6 = 0, 0 = -5*c - 25. Suppose 3*o - u = -26. What is the remainder when o + 3/(6/(-8)) is divided by 9?
6
Let p(r) be the third derivative of r**4/24 - r**3 + 9*r**2. What is the remainder when 57 is divided by p(22)?
9
Let i be (36 + 0)*5/20. Calculate the remainder when 57 is divided by (-1 - i/(-6))*58.
28
Let q be (-6)/(-4)*(-80)/30. Calculate the remainder when 27 - ((-4)/q - 4) is divided by 8.
6
Let s(h) = 7*h - 137. Calculate the remainder when 76 is divided by s(24).
14
Suppose 76*v - 2009 = 35*v. What is the remainder when v is divided by ((-78)/4)/(6/(-8))?
23
Let n(c) be the first derivative of -c**4/4 + 16*c**3/3 - 13*c**2/2 + 17*c - 6. Calculate the remainder when n(15) is divided by 17.
13
Suppose 4*w + w = -c + 75, 4*w - 4*c - 84 = 0. Let j = w - 16. Let u = 19 - j. What is the remainder when 35 is divided by u?
16
Let w(y) be the first derivative of y**3/3 - y**2/2 - y - 225. Suppose -n - 15 = 4*n. What is the remainder when w(n) is divided by 7?
4
Let l be (-1)/(5/((-15)/(-3))). What is the remainder when (l + -1)/((8/(-110))/4) is divided by 23?
18
Suppose 0 = o - 0*o - 4. Let b(w) = 26 + 8*w - 44 - 4*w. What is the remainder when b(8) is divided by o?
2
Suppose 2*d + 3*g = 7*d - 559, 4*d - 446 = 3*g. Calculate the remainder when d is divided by 29.
26
Suppose 4*g - 5*z = 1326, -5*z - 312 - 346 = -2*g. Let i = -224 + g. Calculate the remainder when i is divided by 19.
15
Let r(y) be the first derivative of 5*y**3/3 + 11*y**2/2 - 4*y - 5. Let l be r(7). Calculate the remainder when (-1 + -1)*l/(-12) is divided by 18.
17
Let i(s) = s + 78. Let y = -35 + 52. What is the remainder when i(-47) is divided by y?
14
Let u = -241 + 255. Calculate the remainder when 14 is divided by u.
0
Let d(k) = -3*k - 4. Suppose -83 = 3*i + 3*f + 7, 2*f - 10 = 0. What is the remainder when (-325)/i - ((-4)/7)/(-2) is divided by d(-3)?
4
Suppose 0 = u - 3*u + 370. What is the remainder when u is divided by 62?
61
Let g = -94 + 155. Let f = -5 - -9. Suppose -f*k + 4*n + 68 = 0, 4*n = -4*k + 5*k - 5. Calculate the remainder when g is divided by k.
19
Let v = -33 - -47. Suppose 2*o - 2*m - 34 = 0, o + 15*m + 15 = 12*m. Calculate the remainder when v is divided by o.
5
Suppose m - 3*f - 8 = -1, -2*f + 43 = 3*m. Let v(u) = -21*u - 4. What is the remainder when v(-2) is divided by m?
12
Suppose 5*g = 7 + 28. Let z(j) = 13*j - 10. What is the remainder when z(5) is divided by g?
6
Let c be (-6)/4*10/(-3). Suppose -n = -c*y - 0*y - 64, 4*n - 208 = 4*y. What is the remainder when n is divided by 13?
10
Let a = -7 + 11. Let o = a + -9. Calculate the remainder when (15 - (o + 2))/1 is divided by 7.
4
Suppose -6*i = -35 - 445. Calculate the remainder when i is divided by 79.
1
Let y(f) = f**3 - 2*f**2 + 4*f + 13. What is the remainder when y(0) is divided by 7?
6
Suppose 3*g + 4*i + 28 = 102, i = -4*g + 77. What is the remainder when 35 is divided by g?
17
Suppose 245 - 92 = 4*y - d, -y - 3*d + 48 = 0. Let w be 0*(-1 - -2) + 29. Suppose 5*m - w - 21 = 0. Calculate the remainder when y is divided by m.
9
Suppose -225 - 4014 = -9*n. What is the remainder when 476 is divided by n?
5
Suppose -4*b + 4*z + 168 = 0, z - 255 + 69 = -5*b. Let d(t) = -t**2 + 12*t - 6. Calculate the remainder when b is divided by d(10).
10
Let z be (6/(-1))/((-3)/8). Let v = -12 + z. Suppose 4*g + 48 = v*b, 0 = -2*b - 5*g + 15 + 2. What is the remainder when 42 is divided by b?
9
Let j = -1407 - -1418. What is the remainder when 395 is divided by j?
10
Suppose -2 = -2*p + p. Suppose -d + 34 = 4*g, -2*g = -p*d - g + 23. Let n(s) = -8*s - 7. Calculate the remainder when n(-4) is divided by d.
11
Let j(r) = -r**3 + 6*r**2 + 13*